{"id":20,"date":"2022-11-09T16:07:53","date_gmt":"2022-11-09T15:07:53","guid":{"rendered":"http:\/\/maciej-klosinski.profesjonalnyprogramista.pl\/?page_id=20"},"modified":"2023-03-20T23:43:27","modified_gmt":"2023-03-20T22:43:27","slug":"o-mnie","status":"publish","type":"page","link":"https:\/\/maciej-klosinski.profesjonalnyprogramista.pl\/index.php\/o-mnie\/","title":{"rendered":""},"content":{"rendered":"\n<h2 class=\"has-text-align-center has-black-color has-text-color wp-block-heading\" style=\"font-size:32px\">O MNIE<\/h2>\n\n\n\n<p class=\"has-text-align-left wrapped-paragraph has-medium-font-size\">Jestem absolwentem studi\u00f3w in\u017cynierskich na kierunku Elektrotechnika na Politechnice Pozna\u0144skiej. Obecnie kontynuuj\u0119 edukacj\u0119 na studiach II stopnia na kierunku Informatyka.<br>Przygod\u0119 z programowaniem rozpocz\u0105\u0142em w liceum by po kilku latach przerwy powr\u00f3ci\u0107 do tematu poprzez udzia\u0142 w kursie <a href=\"https:\/\/przyszlyprogramista.pl\/\">przysz\u0142yprogramista.pl<\/a>.<\/p>\n\n\n<div class=\"wp-block-image state-image box\">\n<figure class=\"alignright size-full is-resized\"><img loading=\"lazy\" decoding=\"async\" src=\"http:\/\/maciej-klosinski.profesjonalnyprogramista.pl\/wp-content\/uploads\/2022\/12\/obraz_2022-12-29_013648751.png\" alt=\"\" class=\"wp-image-379\" width=\"230\" height=\"219\"\/><\/figure>\n<\/div>\n\n\n<p class=\"has-text-align-left wrapped-paragraph has-medium-font-size\">Nauk\u0119 rozpocz\u0105\u0142em od zupe\u0142nych podstaw tj. nauki j\u0119zyka <strong>C++<\/strong> pocz\u0105wszy od podej\u015bcia strukturalnego, sko\u0144czywszy na obiektowym. Podczas bloku podstawowego kursu utworzy\u0142em takie programy jak:<\/p>\n\n\n\n<ul class=\"wrapped-paragraph has-medium-font-size wp-block-list\">\n<li><a href=\"https:\/\/github.com\/maciej565\/Adressbook-objective-C-\" target=\"_blank\" rel=\"noreferrer noopener\"><strong>Ksi\u0105\u017cka adresowa<\/strong><\/a><\/li>\n\n\n\n<li><a href=\"https:\/\/github.com\/maciej565\/Ping-Pong\" target=\"_blank\" rel=\"noreferrer noopener\"><strong>&#8222;Ping-Pong&#8221;<\/strong><\/a><\/li>\n<\/ul>\n\n\n\n<p class=\"wrapped-paragraph has-medium-font-size\"><br>Podczas tworzenia aplikacji <a href=\"https:\/\/budget.maciej-klosinski.profesjonalnyprogramista.pl\/\">&#8222;Bud\u017cet Osobisty&#8221;<\/a> nauczy\u0142em si\u0119 jak zrobi\u0107 to sprawnie przy wykorzystaniu silnika szablon\u00f3w Twig. Zaznajomi\u0142em si\u0119 r\u00f3wnie\u017c z frameworkiem <strong>Bootstrap<\/strong>.<br>Pozna\u0142em wzorce projektowe takie jak np. <strong>MVC<\/strong> wraz z r\u00f3\u017cnymi jego odmianami.<br>Podczas nauki programowania przyswoi\u0142em oraz wdro\u017cy\u0142em zasady <strong>SOLID<\/strong>, <strong>KISS<\/strong> i <strong>DRY<\/strong>.<\/p>\n\n\n\n<p class=\"has-black-color has-text-color has-medium-font-size\">Stale rozwijam swoje umiej\u0119tno\u015bci i kompetencje, a programowanie postrzegam nie tylko jako moj\u0105 przysz\u0142\u0105 prac\u0119, ale przede wszystkim jako niesamowit\u0105 frajd\u0119 i \u017ar\u00f3d\u0142o satysfakcji.<\/p>\n\n\n\n<p class=\"has-black-color has-text-color has-medium-font-size\">W wolnych chwilach poza programowaniem, relaksuj\u0119 si\u0119 przy kubku dobrej kawy w towarzystwie najbli\u017cszych, b\u0105d\u017a si\u0119gaj\u0105c po gitar\u0119 graj\u0105c ulubione rockowe kawa\u0142ki.<\/p>\n\n\n\n<p class=\"has-black-color has-text-color has-medium-font-size\">Zapraszam serdecznie do zapoznania si\u0119 z moim <a href=\"http:\/\/maciej-klosinski.profesjonalnyprogramista.pl\/index.php\/portfolio\/\">portfolio<\/a>.<\/p>\n\n\n\n<div style=\"height:30px\" aria-hidden=\"true\" class=\"wp-block-spacer\"><\/div>\n\n\n\n<h2 class=\"has-text-align-center has-black-color has-text-color wp-block-heading\" style=\"font-size:32px\">MOJE KOMPETENCJE<\/h2>\n\n\n\n<div style=\"height:30px\" aria-hidden=\"true\" class=\"wp-block-spacer wrapped-paragraph\"><\/div>\n\n\n\n<div class=\"wp-block-group wrapped-paragraph is-horizontal is-layout-flex wp-block-group-is-layout-flex\">\n<div class=\"wp-block-group stos-lewo is-vertical is-nowrap is-layout-flex wp-container-core-group-is-layout-fc43baa9 wp-block-group-is-layout-flex\">\n<div class=\"wp-block-group is-nowrap is-layout-flex wp-container-core-group-is-layout-ad2f72ca wp-block-group-is-layout-flex\">\n<figure class=\"wp-block-image size-full is-resized\"><img loading=\"lazy\" decoding=\"async\" src=\"https:\/\/maciej-klosinski.profesjonalnyprogramista.pl\/wp-content\/uploads\/2022\/12\/rubicube.png\" alt=\"\" class=\"wp-image-682\" width=\"24\" height=\"24\"\/><\/figure>\n\n\n\n<pre class=\"wp-block-verse has-text-align-left has-black-color has-text-color has-medium-font-size\"><strong>PHP8<\/strong><\/pre>\n<\/div>\n\n\n\n<div class=\"wp-block-group is-nowrap is-layout-flex wp-container-core-group-is-layout-ad2f72ca wp-block-group-is-layout-flex\">\n<figure class=\"wp-block-image size-full is-resized\"><img loading=\"lazy\" decoding=\"async\" src=\"https:\/\/maciej-klosinski.profesjonalnyprogramista.pl\/wp-content\/uploads\/2022\/12\/rubicube.png\" alt=\"\" class=\"wp-image-682\" width=\"24\" height=\"24\"\/><\/figure>\n\n\n\n<pre class=\"wp-block-verse has-text-align-left has-black-color has-text-color has-medium-font-size\"><strong>MySQL<\/strong><\/pre>\n<\/div>\n\n\n\n<div class=\"wp-block-group is-nowrap is-layout-flex wp-container-core-group-is-layout-ad2f72ca wp-block-group-is-layout-flex\">\n<figure class=\"wp-block-image size-full is-resized\"><img loading=\"lazy\" decoding=\"async\" src=\"https:\/\/maciej-klosinski.profesjonalnyprogramista.pl\/wp-content\/uploads\/2022\/12\/rubicube.png\" alt=\"\" class=\"wp-image-682\" width=\"24\" height=\"24\"\/><\/figure>\n\n\n\n<pre class=\"wp-block-verse has-text-align-left has-black-color has-text-color has-medium-font-size\"><strong>JAVA SCRIPT<\/strong> <strong>+ JQUERY<\/strong><\/pre>\n<\/div>\n\n\n\n<div class=\"wp-block-group is-nowrap is-layout-flex wp-container-core-group-is-layout-ad2f72ca wp-block-group-is-layout-flex\">\n<figure class=\"wp-block-image size-full is-resized\"><img loading=\"lazy\" decoding=\"async\" src=\"https:\/\/maciej-klosinski.profesjonalnyprogramista.pl\/wp-content\/uploads\/2022\/12\/rubicube.png\" alt=\"\" class=\"wp-image-682\" width=\"24\" height=\"24\"\/><\/figure>\n\n\n\n<pre class=\"wp-block-verse has-text-align-left has-black-color has-text-color has-medium-font-size\"><strong>MVC FRAMEWORK<\/strong><\/pre>\n<\/div>\n\n\n\n<div class=\"wp-block-group is-nowrap is-layout-flex wp-container-core-group-is-layout-ad2f72ca wp-block-group-is-layout-flex\">\n<figure class=\"wp-block-image size-full is-resized\"><img loading=\"lazy\" decoding=\"async\" src=\"https:\/\/maciej-klosinski.profesjonalnyprogramista.pl\/wp-content\/uploads\/2022\/12\/rubicube.png\" alt=\"\" class=\"wp-image-682\" width=\"24\" height=\"24\"\/><\/figure>\n\n\n\n<pre class=\"wp-block-verse has-text-align-left has-black-color has-text-color has-medium-font-size\"><strong>C++<\/strong><\/pre>\n<\/div>\n<\/div>\n\n\n\n<div class=\"wp-block-group stos-\u015brodek is-vertical is-layout-flex wp-container-core-group-is-layout-8cf370e7 wp-block-group-is-layout-flex\">\n<div class=\"wp-block-group is-nowrap is-layout-flex wp-container-core-group-is-layout-ad2f72ca wp-block-group-is-layout-flex\">\n<figure class=\"wp-block-image size-full is-resized\"><img loading=\"lazy\" decoding=\"async\" src=\"https:\/\/maciej-klosinski.profesjonalnyprogramista.pl\/wp-content\/uploads\/2022\/12\/rubicube.png\" alt=\"\" class=\"wp-image-682\" width=\"24\" height=\"24\"\/><\/figure>\n\n\n\n<pre class=\"wp-block-verse has-text-align-left has-black-color has-text-color has-medium-font-size\"><strong>HTML5<\/strong><\/pre>\n<\/div>\n\n\n\n<div class=\"wp-block-group is-nowrap is-layout-flex wp-container-core-group-is-layout-ad2f72ca wp-block-group-is-layout-flex\">\n<figure class=\"wp-block-image size-full is-resized\"><img loading=\"lazy\" decoding=\"async\" src=\"https:\/\/maciej-klosinski.profesjonalnyprogramista.pl\/wp-content\/uploads\/2022\/12\/rubicube.png\" alt=\"\" class=\"wp-image-682\" width=\"24\" height=\"24\"\/><\/figure>\n\n\n\n<pre class=\"wp-block-verse has-text-align-left has-black-color has-text-color has-medium-font-size\"><strong>CSS3<\/strong><\/pre>\n<\/div>\n\n\n\n<div class=\"wp-block-group is-nowrap is-layout-flex wp-container-core-group-is-layout-ad2f72ca wp-block-group-is-layout-flex\">\n<figure class=\"wp-block-image size-full is-resized\"><img loading=\"lazy\" decoding=\"async\" src=\"https:\/\/maciej-klosinski.profesjonalnyprogramista.pl\/wp-content\/uploads\/2022\/12\/rubicube.png\" alt=\"\" class=\"wp-image-682\" width=\"24\" height=\"24\"\/><\/figure>\n\n\n\n<pre class=\"wp-block-verse has-text-align-left has-black-color has-text-color has-medium-font-size\"><strong>BOOTSTRAP 4<\/strong><\/pre>\n<\/div>\n\n\n\n<div class=\"wp-block-group is-nowrap is-layout-flex wp-container-core-group-is-layout-ad2f72ca wp-block-group-is-layout-flex\">\n<figure class=\"wp-block-image size-full is-resized\"><img loading=\"lazy\" decoding=\"async\" src=\"https:\/\/maciej-klosinski.profesjonalnyprogramista.pl\/wp-content\/uploads\/2022\/12\/rubicube.png\" alt=\"\" class=\"wp-image-682\" width=\"24\" height=\"24\"\/><\/figure>\n\n\n\n<pre class=\"wp-block-verse has-text-align-left has-black-color has-text-color has-medium-font-size\"><strong>WORDPRESS<\/strong><\/pre>\n<\/div>\n<\/div>\n<\/div>\n","protected":false},"excerpt":{"rendered":"<p>O MNIE Jestem absolwentem studi\u00f3w in\u017cynierskich na kierunku Elektrotechnika na Politechnice Pozna\u0144skiej. Obecnie kontynuuj\u0119 edukacj\u0119 na studiach II stopnia na kierunku Informatyka.Przygod\u0119 z programowaniem rozpocz\u0105\u0142em w liceum by po kilku latach przerwy powr\u00f3ci\u0107 do tematu poprzez udzia\u0142 w kursie przysz\u0142yprogramista.pl. Nauk\u0119 rozpocz\u0105\u0142em od zupe\u0142nych podstaw tj. nauki j\u0119zyka C++ pocz\u0105wszy od podej\u015bcia strukturalnego, sko\u0144czywszy na&hellip;<\/p>\n","protected":false},"author":1,"featured_media":379,"parent":0,"menu_order":0,"comment_status":"closed","ping_status":"closed","template":"","meta":{"footnotes":""},"class_list":["post-20","page","type-page","status-publish","has-post-thumbnail","hentry"],"_links":{"self":[{"href":"https:\/\/maciej-klosinski.profesjonalnyprogramista.pl\/index.php\/wp-json\/wp\/v2\/pages\/20","targetHints":{"allow":["GET"]}}],"collection":[{"href":"https:\/\/maciej-klosinski.profesjonalnyprogramista.pl\/index.php\/wp-json\/wp\/v2\/pages"}],"about":[{"href":"https:\/\/maciej-klosinski.profesjonalnyprogramista.pl\/index.php\/wp-json\/wp\/v2\/types\/page"}],"author":[{"embeddable":true,"href":"https:\/\/maciej-klosinski.profesjonalnyprogramista.pl\/index.php\/wp-json\/wp\/v2\/users\/1"}],"replies":[{"embeddable":true,"href":"https:\/\/maciej-klosinski.profesjonalnyprogramista.pl\/index.php\/wp-json\/wp\/v2\/comments?post=20"}],"version-history":[{"count":69,"href":"https:\/\/maciej-klosinski.profesjonalnyprogramista.pl\/index.php\/wp-json\/wp\/v2\/pages\/20\/revisions"}],"predecessor-version":[{"id":1195,"href":"https:\/\/maciej-klosinski.profesjonalnyprogramista.pl\/index.php\/wp-json\/wp\/v2\/pages\/20\/revisions\/1195"}],"wp:featuredmedia":[{"embeddable":true,"href":"https:\/\/maciej-klosinski.profesjonalnyprogramista.pl\/index.php\/wp-json\/wp\/v2\/media\/379"}],"wp:attachment":[{"href":"https:\/\/maciej-klosinski.profesjonalnyprogramista.pl\/index.php\/wp-json\/wp\/v2\/media?parent=20"}],"curies":[{"name":"wp","href":"https:\/\/api.w.org\/{rel}","templated":true}]}}